{"id":3677,"date":"2026-04-07T18:44:09","date_gmt":"2026-04-07T18:44:09","guid":{"rendered":"https:\/\/sodraledit.com\/farhultm\/?page_id=3677"},"modified":"2026-04-08T19:25:04","modified_gmt":"2026-04-08T19:25:04","slug":"aktiviteter-2026","status":"publish","type":"page","link":"https:\/\/sodraledit.com\/farhultm\/aktiviteter-2026\/","title":{"rendered":"Aktiviteter 2026"},"content":{"rendered":"<p>[et_pb_section fb_built=&#8221;1&#8243; theme_builder_area=&#8221;post_content&#8221; _builder_version=&#8221;4.27.6&#8243; _module_preset=&#8221;default&#8221;][et_pb_row _builder_version=&#8221;4.27.6&#8243; _module_preset=&#8221;default&#8221; column_structure=&#8221;1_2,1_2&#8243; theme_builder_area=&#8221;post_content&#8221;][et_pb_column _builder_version=&#8221;4.27.6&#8243; _module_preset=&#8221;default&#8221; type=&#8221;1_2&#8243; theme_builder_area=&#8221;post_content&#8221;][et_pb_text _builder_version=&#8221;4.27.6&#8243; _module_preset=&#8221;default&#8221; theme_builder_area=&#8221;post_content&#8221; hover_enabled=&#8221;0&#8243; sticky_enabled=&#8221;0&#8243;]<\/p>\n<h1 class=\"textheading1 mobile-oversized\"><strong>Aktiviteter 2026<\/strong><\/h1>\n<div class=\"Preview_float__1PmYU float\">\n<div class=\"Preview_componentWrapper__2i4QI\" data-id=\"9208FE4D-E02C-44F6-B22F-729A294D2701\" data-kind=\"TEXT\">\n<div class=\"Preview_component__SbiKo text-align-null\" data-in-template=\"false\" data-id=\"9208FE4D-E02C-44F6-B22F-729A294D2701\" data-kind=\"Component\" data-specific-kind=\"TEXT\" data-bbox=\"{&quot;top&quot;:189,&quot;left&quot;:0,&quot;right&quot;:550,&quot;bottom&quot;:397}\" data-parent=\"B7D39B8B-D250-4C87-A1A6-4392C4609431\">\n<div class=\"styles_contentContainer__lrPIa textnormal styles_text__3jGMu styles_invalidateHighlightAndShadows__2W3IH White themeTextClass mainColor\" data-mve-font-change=\"0\">\n<p>&nbsp;<\/p>\n<p class=\"mobile-oversized\"><span class=\"mobile-oversized\">V\u00e4lkomna att \u00e4ven bes\u00f6ka v\u00e5r m\u00f6lla:<\/span><\/p>\n<p class=\"mobile-oversized\"><strong><span class=\"mobile-oversized\">5\/4 P\u00e5skdagen<\/span><\/strong><\/p>\n<p class=\"mobile-oversized\"><strong><span class=\"mobile-oversized\">18\/7 M\u00f6llemarknad<\/span><\/strong><\/p>\n<p class=\"mobile-oversized\"><strong><span class=\"mobile-oversized\">2\/8 Hembygdens dag &amp; M\u00f6llan<\/span><\/strong><\/p>\n<\/div>\n<\/div>\n<\/div>\n<\/div>\n<p>[\/et_pb_text][\/et_pb_column][et_pb_column _builder_version=&#8221;4.27.6&#8243; _module_preset=&#8221;default&#8221; type=&#8221;1_2&#8243; theme_builder_area=&#8221;post_content&#8221;][et_pb_image _builder_version=&#8221;4.27.6&#8243; _module_preset=&#8221;default&#8221; theme_builder_area=&#8221;post_content&#8221; title_text=&#8221;P1000498&#8243; src=&#8221;https:\/\/sodraledit.com\/farhultm\/wp-content\/uploads\/2026\/04\/P1000498.jpg&#8221;][\/et_pb_image][\/et_pb_column][\/et_pb_row][\/et_pb_section]<\/p>\n","protected":false},"excerpt":{"rendered":"<p>Aktiviteter 2026 &nbsp; V\u00e4lkomna att \u00e4ven bes\u00f6ka v\u00e5r m\u00f6lla: 5\/4 P\u00e5skdagen 18\/7 M\u00f6llemarknad 2\/8 Hembygdens dag &amp; M\u00f6llan<\/p>\n","protected":false},"author":1,"featured_media":0,"parent":0,"menu_order":0,"comment_status":"closed","ping_status":"closed","template":"","meta":{"_et_pb_use_builder":"on","_et_pb_old_content":"","_et_gb_content_width":"","footnotes":""},"class_list":["post-3677","page","type-page","status-publish","hentry"],"_links":{"self":[{"href":"https:\/\/sodraledit.com\/farhultm\/wp-json\/wp\/v2\/pages\/3677","targetHints":{"allow":["GET"]}}],"collection":[{"href":"https:\/\/sodraledit.com\/farhultm\/wp-json\/wp\/v2\/pages"}],"about":[{"href":"https:\/\/sodraledit.com\/farhultm\/wp-json\/wp\/v2\/types\/page"}],"author":[{"embeddable":true,"href":"https:\/\/sodraledit.com\/farhultm\/wp-json\/wp\/v2\/users\/1"}],"replies":[{"embeddable":true,"href":"https:\/\/sodraledit.com\/farhultm\/wp-json\/wp\/v2\/comments?post=3677"}],"version-history":[{"count":2,"href":"https:\/\/sodraledit.com\/farhultm\/wp-json\/wp\/v2\/pages\/3677\/revisions"}],"predecessor-version":[{"id":3840,"href":"https:\/\/sodraledit.com\/farhultm\/wp-json\/wp\/v2\/pages\/3677\/revisions\/3840"}],"wp:attachment":[{"href":"https:\/\/sodraledit.com\/farhultm\/wp-json\/wp\/v2\/media?parent=3677"}],"curies":[{"name":"wp","href":"https:\/\/api.w.org\/{rel}","templated":true}]}}